ase 2) to base 10
-707
Convert 27424 (base 8) to base 9.
17471
-442523 (base 7) to base 10
-77780
What is 454 (base 11) in base 5?
4133
Convert -4a1 (base 11) to base 10.
-595
Convert -15351 (base 6) to base 4.
-213103
Convert 521 (base 13) to base 14.
464
Convert 1011011000 (base 2) to base 11.
602
What is -22326 (base 7) in base 3?
-21202110
-2102014 (base 5) to base 3
-1202111202
19a05 (base 12) to base 4
21031211
-558 (base 10) to base 12
-3a6
-1100201111 (base 3) to base 4
-12202102
Convert 12021 (base 3) to base 16.
8e
What is -1d7 (base 15) in base 16?
-1ab
Convert 10400 (base 11) to base 4.
3230111
Convert 3198 (base 16) to base 11.
95a2
What is -700 (base 12) in base 6?
-4400
What is a09b (base 13) in base 4?
11121102
What is 233031 (base 4) in base 2?
101111001101
Convert 697 (base 10) to base 12.
4a1
Convert -1302 (base 11) to base 13.
-a06
331121 (base 4) to base 2
111101011001
Convert -5003 (base 6) to base 5.
-13313
What is 253 (base 6) in base 16?
69
What is c71 (base 14) in base 3?
10100210
What is -5500 (base 11) in base 12?
-4250
-2653 (base 8) to base 4
-112223
7452 (base 10) to base 9
11200
What is 2200 (base 4) in base 7?
316
Convert 20011111 (base 3) to base 9.
6144
What is 320130 (base 4) in base 14?
1460
What is 68dd (base 16) in base 10?
26845
What is -7652 (base 8) in base 4?
-332222
-566 (base 14) to base 8
-2056
3122 (base 11) to base 4
1000222
2230203 (base 4) to base 6
123043
234a (base 12) to base 5
111241
Convert 520 (base 12) to base 3.
1000120
Convert -2652 (base 7) to base 8.
-1771
-3014 (base 7) to base 16
-410
What is 10a8 (base 12) in base 2?
11101000000
What is -2644 (base 9) in base 12?
-1194
What is -1001111010101 (base 2) in base 8?
-11725
Convert 258 (base 11) to base 16.
131
What is -1662 (base 11) in base 15?
-96a
Convert 20406 (base 8) to base 11.
6396
What is 2573 (base 12) in base 6?
31423
Convert 21444 (base 7) to base 15.
18d3
What is 232001 (base 5) in base 10?
8376
-405 (base 6) to base 13
-b6
1000011000001 (base 2) to base 15
140e
What is -11323 (base 5) in base 15?
-3ad
Convert 16577 (base 11) to base 10.
23316
What is 1641 (base 10) in base 2?
11001101001
-10313 (base 6) to base 8
-2605
Convert -64446 (base 8) to base 14.
-9b4a
-28006 (base 9) to base 6
-223440
What is -5ec4 (base 16) in base 2?
-101111011000100
What is -7838 (base 10) in base 14?
-2bdc
What is -683 (base 16) in base 12?
-b6b
Convert -1001110011110011 (base 2) to base 4.
-21303303
-2016 (base 9) to base 2
-10111000001
What is -7073 (base 13) in base 12?
-8b55
What is -74c (base 13) in base 2?
-10011011111
465 (base 14) to base 6
4013
Convert -414 (base 11) to base 12.
-357
-5210 (base 7) to base 2
-11100011100
Convert -1111101001010 (base 2) to base 11.
-6022
2234 (base 8) to base 11
983
What is 564 (base 9) in base 12?
327
1113120 (base 5) to base 10
19785
What is 30304 (base 5) in base 16?
7a2
1003 (base 9) to base 13
444
Convert 102204 (base 8) to base 13.
12597
Convert 308 (base 14) to base 8.
1124
What is 461 (base 13) in base 6?
3255
Convert 324 (base 6) to base 11.
103
Convert 1010001100 (base 2) to base 5.
10102
19a76 (base 11) to base 5
1343123
65dd (base 14) to base 6
213355
Convert -1102111200 (base 3) to base 7.
-144561
219 (base 16) to base 8
1031
What is -14424 (base 5) in base 8?
-2327
Convert -2130222 (base 4) to base 13.
-4743
What is -113a0 (base 11) in base 7?
-65642
2056 (base 7) to base 8
1327
-809 (base 12) to base 13
-6b4
What is 1063 (base 11) in base 2?
10101111000
What is -303443 (base 5) in base 4?
-2122101
Convert 40 (base 14) to base 6.
132
Convert -206 (base 10) to base 5.
-1311
Convert 118 (base 11) to base 12.
b8
What is 10 (base 8) in base 11?
8
What is 346013 (base 7) in base 2?
1111001010001101
What is 4210103 (base 5) in base 15?
1586d
113 (base 8) to base 16
4b
What is 82 (base 16) in base 15?
8a
What is 213112 (base 5) in base 11?
5520
What is -5310 (base 7) in base 13?
-b0a
-70a (base 12) to base 16
-3fa
10211021 (base 3) to base 14
1032
647 (base 10) to base 9
788
Convert -11314 (base 8) to base 13.
-2262
Convert -18987 (base 10) to base 16.
-4a2b
What is 1000110011 (base 2) in base 8?
1063
-a26 (base 12) to base 15
-680
Convert -121101110 (base 3) to base 12.
-6ab6
-5383 (base 11) to base 16
-1bc5
55600 (base 8) to base 12
11680
Convert -2025 (base 9) to base 5.
-21411
Convert 26b9 (base 12) to base 16.
116d
Convert -10010111110001 (base 2) to base 3.
-111022202
Convert -20104 (base 5) to base 13.
-775
What is -33223 (base 5) in base 12?
-1409
212220222 (base 3) to base 5
1024231
What is 24233 (base 5) in base 6?
12230
16ac3 (base 14) to base 15
11d5b
10212212 (base 3) to base 7
11153
Convert 125 (base 15) to base 14.
148
Convert 14d (base 15) to base 13.
19c
What is 1121112 (base 3) in base 13?
6c5
Convert -3b8 (base 13) to base 4.
-22102
What is -1015 (base 8) in base 2?
-1000001101
7607 (base 14) to base 16
4fa7
Convert -2131 (base 8) to base 7.
-3150
27a (base 15) to base 13
346
What is 3443 (base 12) in base 13?
2850
What is 4022 (base 5) in base 4?
20000
-1000123 (base 4) to base 2
-1000000011011
-2053 (base 8) to base 16
-42b
-23b8 (base 15) to base 3
-101102102
What is 2131 (base 6) in base 7?
1264
Convert 130211 (base 5) to base 11.
3887
20112122 (base 3) to base 11
3646
Convert -168 (base 14) to base 15.
-143
Convert -1560 (base 12) to base 3.
-10110100
What is b608 (base 14) in base 2?
111101010001000
Convert 1353 (base 6) to base 10.
357
137 (base 15) to base 3
101021
Convert 101101102 (base 3) to base 9.
11342
What is 1b (base 16) in base 8?
33
Convert -331310 (base 6) to base 9.
-41706
What is 200113 (base 4) in base 9?
2751
What is -1158c (base 14) in base 4?
-22110120
-1000110011 (base 2) to base 6
-2335
What is -11101111001 (base 2) in base 16?
-779
5515 (base 6) to base 11
a56
What is -101111011 (base 2) in base 11?
-315
What is -20530 (base 12) in base 4?
-22103310
-113 (base 13) to base 11
-159
Convert -34313 (base 6) to base 5.
-123434
-767 (base 10) to base 15
-362
1054 (base 6) to base 14
13c
-1340 (base 5) to base 8
-334
What is -313333 (base 4) in base 13?
-1828
What is -1933 (base 15) in base 4?
-1111020
3d72 (base 15) to base 7
53234
Convert -95 (base 16) to base 9.
-175
Convert 2092 (base 16) to base 13.
3a45
-22937 (base 11) to base 6
-413041
111101110 (base 2) to base 14
274
Convert ba71 (base 14) to base 5.
2012433
10bb (base 12) to base 13
b0c
3002 (base 8) to base 11
1179
Convert e70 (base 15) to base 13.
1635
What is -100333 (base 5) in base 15?
-e48
What is 18e (base 16) in base 6?
1502
-7010 (base 12) to base 11
-9108
What is -99c1 (base 13) in base 10?
-21451
Convert 100101101010 (base 2) to base 4.
211222
Convert -183 (base 9) to base 10.
-156
Convert -416 (base 10) to base 9.
-512
-2445 (base 8) to base 10
-1317
675b (base 13) to base 3
201210212
What is 27047 (base 9) in base 8?
43534
Convert -13d (base 14) to base 7.
-506
2e0 (base 15) to base 16
294
2343 (base 5) to base 4
11130
-3857 (base 11) to base 13
-2395
10031 (base 10) to base 4
2130233
Convert 501513 (base 6) to base 5.
2224120
34 (base 11) to base 9
41
366 (base 10) to base 15
196
-38bc (base 13) to base 15
-25ed
What is -17238 (base 11) in base 3?
-1020020211
918 (base 14) to base 3
2110011
10000101011101 (base 2) to base 16
215d
-2044212 (base 5) to base 11
-23859
1b41 (base 12) to base 9
4544
What is -11111 (base 2) in base 11?
-29
-14574 (base 10) to base 13
-6831
Convert -1011121 (base 3) to base 9.
-1147
Convert 15507 (base 11) to base 12.
10818
156b2 (base 15) to base 11
47943
What is -1120011200 (base 3) in base 7?
-155430
Convert 1102022 (base 3) to base 16.
40a
What is 517 (base 8) in base 5?
2320
Convert 305 (base 10) to base 13.
1a6
Convert -1168 (base 12) to base 6.
-13012
Convert -1144 (base 14) to base 15.
-d50
What is 602 (base 9) in base 2?
111101000
What is 54341 (base 7) in base 14?
4d21
8611 (base 9) to base 16
18b8
d8c (base 14) to base 7
10535
What is 40542 (base 6) in base 8?
12416
Convert -11514 (base 7) to base 4.
-232320
What is 22279 (base 13) in base 11?
42602
What is -4b5 (base 12) in base 9?
-872
Convert -166e (base 15) to base 11.
-36a0
-6304 (base 10) to base 15
-1d04
Convert 33a6 (base 15) to base 3.
120000210
-9944 (base 11) to base 10
-13116
